ative of g**5/60 - 5*g**4/12 + 7*g**3/6 - 39*g**2. Suppose i - 5 = 4. Let x be d(i). Give h(x).
1
Let w(g) be the second derivative of -g**5/20 + g**3/6 - 5*g**2/2 + 1801*g. What is w(0)?
-5
Let o(w) = -w**2 + w + 2. Let g(v) = v**2 - 22*v + 1. Let s be g(18). Let c = s + 75. Let b be ((-3)/4)/(1/c). What is o(b)?
-10
Let v(h) = -26*h**2 + 1. Let g(k) = 77*k**2 - 3. Let f(y) = 4*g(y) + 11*v(y). Let n = -2532 + 2533. What is f(n)?
21
Let t(d) = -23*d + 22. Let y(n) = 75*n - 68. Let w(g) = 7*t(g) + 2*y(g). Give w(3).
-15
Suppose -3*d + 11*q = 12*q + 6, -2*d - q - 5 = 0. Let c(n) = -5*n**3 + 0 + 0 + 0. Give c(d).
5
Let g(d) = 8*d**3 + 11*d**2 + d + 2*d - 12*d - 7*d**3 - 19*d**2 - 3. What is g(9)?
-3
Let b(d) be the second derivative of -d**3/6 - 2*d**2 + d. Suppose -m + 4*k + 80 = 0, -m + 0*k - 4*k + 56 = 0. Let s = m + -65. Give b(s).
-7
Let q(g) = -g**3 - g + 1. Let s(t) = 9*t**3 + t**2 + 5*t. Let w(b) = -2*q(b) - s(b). Let o(i) = -i**2 - i + 89. Let a be o(9). Determine w(a).
7
Let f(d) = -d + 3. Let x be ((-1)/(-2))/(12*(-13)/(-6552)). Suppose x = -z + 33. Calculate f(z).
-9
Let u(p) = -13*p + 429. Let f(s) = 3*s - 97. Let r(y) = -9*f(y) - 2*u(y). Give r(32).
-17
Let j(f) be the second derivative of -f**5/20 - f**4/4 - 4*f**3/3 - 33*f - 2. Give j(-4).
48
Suppose 111 + 114 - 185 = 20*h. Let z(c) = -2*c**3 + 3*c**2 - 3*c + 2. Calculate z(h).
-8
Let j(p) = 4*p + 49. Let x be (2 - (-10 + 38))*(2 + (-3)/2). What is j(x)?
-3
Let s = 12506 + -12518. Let w(b) = -b**2 - 13*b - 12. What is w(s)?
0
Let z(g) be the first derivative of g**3/6 + 5*g**2 - 84*g - 78. Let j(d) be the first derivative of z(d). Let q(n) = -n**2. Let a be q(3). Give j(a).
1
Let f(z) = 481965*z**2 + 10 - 481963*z**2 + 11 - 9*z - 8. Give f(6).
31
Let b(g) = 8*g + 27. Let w = -204 - -200. Let l be b(w). Let d(c) = c**2 + 7*c - 2. Give d(l).
-12
Let f be 5/((2/36)/(2959/165 - 18)). Let a(j) = -j**3 - j**2 - j. Let m(w) = -2*w**3 - 6*w**2 + 6*w + 5. Let p(o) = a(o) - m(o). What is p(f)?
1
Let y(o) be the first derivative of -o**4/4 - o**2/2 + 15*o + 75693. Suppose 4 = -5*a - k + 8, -a = -k + 4. Give y(a).
15
Let h(n) = -28*n**2 + 19*n**2 - 7 + 29*n + 77 - 5*n**2 + 15*n**2. Calculate h(-26).
-8
Let l(x) be the second derivative of 0 + 3*x - 11/2*x**2 - 1/3*x**3. Suppose 2*d - 2 = s, -18*s + 21*s - 4*d = -12. Give l(s).
5
Let h(k) = -k**3 - k + 17. Let j be h(-4). Suppose -j = 14*y - 15. Let c(u) = 4*u + 10. Give c(y).
-10
Let w = 16536 + -16531. Let s(t) = 7 + 0*t**3 - 4*t**2 + t**3 + t - 8*t + 0*t. What is s(w)?
-3
Let q(g) = 2*g - 10. Let z be (-1)/(-2) - (1 - 22/4). Suppose z*o - c + 2 - 41 = 0, 16 = -4*c. Determine q(o).
4
Let s(b) be the first derivative of -b**3/3 + 6*b**2 - 42*b - 1258. Determine s(11).
-31
Let b(n) = n**2 + 6*n. Suppose p - 18 + 11 = 0. Let j(x) = 9 + 8*x**2 - 9*x**2 + 5*x + 0*x**2. Let o be j(p). Calculate b(o).
-5
Let r(b) = b**2 - 4*b - 7. Let y(u) = -13 + 2 - 9*u - 4 + 2*u**2. Let l = -16 + 22. Let g(n) = l*y(n) - 13*r(n). Determine g(1).
-2
Let n(w) be the second derivative of w**4/2 + w**3/3 - w**2 + 5*w. Suppose 0 - 18 = 9*s. What is n(s)?
18
Suppose 13*x - 50*x = 260 + 295. Let s(r) = 2*r**3 + 27*r**2 - 44*r - 9. What is s(x)?
-24
Let g be 132/(-20)*410/(-123). Let l(x) = -9*x + 203. Calculate l(g).
5
Let r = -559 - -548. Let y(m) = m**3 + 11*m**2 - 4*m - 24. Calculate y(r).
20
Let a(i) be the third derivative of -5/3*i**3 + 1/2*i**4 + 0*i + 1/60*i**5 - 62*i**2 + 0. Determine a(-12).
-10
Let b(k) = -k - 9. Let n(s) be the first derivative of 7*s**2/2 + 70*s - 41. Let o be n(-9). Suppose 3*j + o = 34. Calculate b(j).
-18
Let t(n) = n**3 + 14*n**2 + 7 - 9*n**2 + 9*n**2 - 6*n**2. Suppose -3*r - 2*s - 26 = 0, -5*s + 13 + 14 = -4*r. What is t(r)?
7
Let g(t) be the third derivative of t**4/8 - 11*t**3/6 + 4*t**2 + 147*t. Calculate g(7).
10
Let q(w) = w**3 - 12*w**2 - 3*w + 33. Let d be q(12). Let v(b) = 6*b**2 + 1. Determine v(d).
55
Let q be (-2)/(-12) - 345/(-90) - -1. Let g(j) = -6*j - 25 + 23 + 0*j + q*j. Calculate g(-5).
3
Suppose 2*u = -u + 60. Suppose -4*n - 124 = 5*c, -3*c + 4*c + 2*n + u = 0. Let r = c - -36. Let b(t) = t**3 - 9*t**2 + 8*t - 4. Determine b(r).
-4
Let b(g) be the second derivative of 7*g**5/60 - g**4/24 - g**3/6 + 11*g**2/2 - 47*g. Let a(s) be the first derivative of b(s). Let z = 1 - 2. Calculate a(z).
7
Let t(x) be the second derivative of -1/120*x**5 - 3/2*x**3 + 13*x - 1/24*x**4 + 0 + 0*x**2. Let o(i) be the second derivative of t(i). What is o(4)?
-5
Let n(p) = -48*p**3 - p**2 + 2*p - 1. Let o = 38 - 35. Let x be ((-40)/12 + o)*(-15)/5. What is n(x)?
-48
Let t(s) = s**2 - 16*s + 55. Let v be (1 + 11/(-5))/(120/(-600)). What is t(v)?
-5
Let q(l) = -2*l**3 + l**2 + 2463 - 2463 - l + 3*l**3. Let n = 56 - 57. Give q(n).
1
Let m(c) = -c**2 + 13*c - 1. Let x(w) = 5*w**2 - 38*w - 58. Let h(y) = -4*m(y) - x(y). Give h(-20).
-58
Let m be (-38)/(-12) - (4 + (-46)/12). Let s(n) = 29 + 23 - 76 - m*n + 25. Suppose -3*y + 2 = -2*y. Determine s(y).
-5
Let x(h) be the second derivative of -h**4/12 + 5*h**3/6 - 2*h**2 + h. Let w = -7555 - -7558. Determine x(w).
2
Let q(m) = 11 - 8*m**2 - 4 + 3*m**2 + m**3. Suppose 2*s = -h + 49 - 54, 4*h + 5 = -5*s. Give q(h).
7
Let t(l) = -22*l - 7. Let m(n) = -10*n. Let o(b) = 9*m(b) - 4*t(b). What is o(-5)?
38
Let k = -261 - -263. Let l(h) = -23 + h**k + 46 - 20 - 10*h. Give l(9).
-6
Let z(t) be the third derivative of 7*t**6/60 + t**4/24 - t**3/6 + 143*t**2 + 42. Let n be (4/(-5))/((-2)/5). Suppose 5*k - 3*k = n. What is z(k)?
14
Let f = -330316 - -330313. Let d(g) = 5*g**3 - 4*g**2 - 11*g. Let b = -11 - -16. Let u(x) = -3*x**3 + 3*x**2 + 7*x. Let m(s) = b*d(s) + 8*u(s). What is m(f)?
6
Suppose -z - 224 = 6*z. Let b = -30 - z. Let v(d) = d**3 + 3*d**2 - 4*d + 3. Let g(c) = 2*c**3 + 5*c**2 - 8*c + 6. Let h(n) = -4*g(n) + 7*v(n). Determine h(b).
1
Let t(a) be the second derivative of -a**5/20 + 5*a**4/6 - 5*a**3/6 + 18*a**2 + 77*a + 23. Give t(10).
-14
Let i(x) = -x**3 - 5*x**2 + 7*x + 4. Let m = 49 - 44. Suppose 0 = -4*s - s + m. Let u be -5 + (-2 - -1 - 0)*s. Calculate i(u).
-2
Let c = -123 - -128. Suppose 5*x - 5 = -v + 5, c*x - v = 10. Let o(z) = 3 - x + 0 - 58*z + 66*z. Give o(-1).
-7
Let w(u) = 10*u**3 - 32*u**2 - 99*u + 63. Let s(i) = 3*i**3 - 10*i**2 - 30*i + 21. Let n(b) = -7*s(b) + 2*w(b). Determine n(7).
14
Suppose -909 = -4*w - 609. Suppose -9*n = 39 - w. Let o(v) = v**3 - 4*v**2 - 5*v + 1. Determine o(n).
-19
Let g(d) = d**2 + 2*d - 41. Let x be g(6). Suppose w + x = 4*w - b, -4*b = 5*w - 23. Let u(c) = 15 + 17*c**2 + 0*c**w - 14*c**2 - 11 - c**3. What is u(4)?
-12
Let w(d) be the first derivative of -1/4*d**4 - d**2 - 8/3*d**3 - 8 - 10*d. What is w(-8)?
6
Let n(t) = -7*t - 14. Let x(o) = -13*o - 28. Let l(j) = -11*n(j) + 6*x(j). Suppose -94 = -8*k + 74. Suppose 15*m = k*m + 66. Calculate l(m).
-3
Let r(g) = 910*g - 17 - 456*g - 453*g. Let j be r(14). Let u(t) = 2*t**2 + 3*t - 2. What is u(j)?
7
Let g be (84/24)/(1/6). Let q(r) = 39*r + g*r - 51*r + 4 + r**2. Determine q(-7).
-10
Let l(m) = m**2 - 6*m + 7. Let p be (-2)/3*(98/(-4) + 2). Suppose 13*d = p*d + 4*q - 30, 2*d = -q + 18. What is l(d)?
14
Let x(l) = -l**3 - 10*l**2 - 12*l - 47. Let t be x(-10). Let f(b) = -t*b + 41*b - 7*b**3 - 8*b**3 + 33*b. Calculate f(-1).
14
Let q(o) = -203334*o + 14 - 6*o**2 + 7*o**2 + 203353*o. Determine q(-4).
-46
Let i(c) = 26*c - 9. Let l = -715 + 696. Let m(u) = 8*u - 3. Let v(x) = l*m(x) + 6*i(x). Calculate v(3).
15
Let k(c) = c**2 + c + 2. Let t be (-7308)/27*9/(-12). Suppose 44*d - t + 71 = 0. Determine k(d).
14
Let x(s) be the first derivative of 7*s**2/2 + 93*s + 278. Determine x(-5).
58
Let b(n) = -2*n + 0*n**3 - 22 + n**3 + 18 - 3*n**2. Let x be b(4). Let p(f) = f - x*f - 2*f**2 + 10*f - 4. Calculate p(4).
-8
Let d(n) = n**3 + 6*n**2 + 2*n + 6. Let o be d(-6). Let a(t) = -21*t**2 - t - 8. Let w(q) = -64*q**2 - 5*q - 20. Let k(b) = 3*a(b) - w(b). Give k(o).
20
Let u be (33/(-165))/(6/60*-1*2). Let o(b) = b**3 - 3*b**2 - 18*b + b**2 + 19*b. What is o(u)?
0
Suppose 21*r - 15*r = 828. Let v(i) = -135*i + 272*i - r*i - 4. Give v(-2).
-2
Let h be (385/220 + (-6)/8)*-4*1. Let n(k) = k**3 + 9*k**2 + 13*k - 4. Give n(h).
24
Let q(h) = h**3 - 9*h**2 - 12*h + 14. Let f = -21294 + 21304. Determine q(f).
-6
Let 